
Is 39023706103 a prime number?
False
Is 981905401 a composite number?
True
Is 53089417 composite?
False
Is 12888567446 composite?
True
Is 2621260703 composite?
True
Is 61832128531 a prime number?
True
Is 107776363 a composite number?
False
Is 2749827007 prime?
False
Is 993911447 a prime number?
False
Is 82372055797 composite?
False
Is 1802779718 a prime number?
False
Is 266600323 a composite number?
True
Is 9990581 a prime number?
False
Is 3394925239 prime?
True
Is 4466641061 prime?
False
Is 65284167161 a composite number?
True
Is 767655121 composite?
False
Is 1522899929 a composite number?
False
Is 910113455 a composite number?
True
Is 32936976703 a prime number?
True
Is 14945378213 prime?
False
Is 2225520361 composite?
False
Is 3248256401 composite?
True
Is 122934415 composite?
True
Is 266034319 composite?
True
Is 74444577943 a prime number?
True
Is 2197744127 composite?
True
Is 146632193 a prime number?
False
Is 7048638973 composite?
True
Is 2005432109 a composite number?
False
Is 5958504221 composite?
False
Is 2958632041 a composite number?
False
Is 508714669 composite?
False
Is 32057080541 prime?
True
Is 515357863 a composite number?
True
Is 2259045389 prime?
True
Is 255489937 a prime number?
True
Is 158941014577 a prime number?
True
Is 247483727 a composite number?
False
Is 1841321523 a composite number?
True
Is 89862527953 composite?
True
Is 227735747 a prime number?
False
Is 34216535729 a composite number?
False
Is 69918324009 prime?
False
Is 6939976241 a composite number?
True
Is 1684067279 prime?
True
Is 138464803 a composite number?
False
Is 73372735109 prime?
True
Is 2623205653 a composite number?
False
Is 321169409311 prime?
True
Is 1820873357 composite?
False
Is 4046885633 composite?
True
Is 16401003349 prime?
True
Is 29999065777 a prime number?
False
Is 5472578281 composite?
False
Is 552459359 composite?
False
Is 337286779847 a prime number?
True
Is 1180283809 composite?
True
Is 3948857611 a prime number?
True
Is 2997523817 prime?
False
Is 56470237 composite?
True
Is 16809076393 composite?
True
Is 146780831323 prime?
False
Is 63055395523 composite?
True
Is 187070837 composite?
False
Is 1311605039 prime?
False
Is 9670130131 prime?
True
Is 382574879 prime?
True
Is 148140432161 prime?
False
Is 42019146739 a prime number?
True
Is 1497922922395 composite?
True
Is 25451785329 a prime number?
False
Is 87252414323 composite?
True
Is 6161226829 a composite number?
False
Is 105023977 composite?
True
Is 32563572551 prime?
True
Is 4446468267 composite?
True
Is 17354168189 prime?
True
Is 16526527333 a composite number?
True
Is 61738891 a prime number?
False
Is 21405113 composite?
False
Is 11209710749 composite?
False
Is 618558173489 a prime number?
True
Is 2982602149 composite?
True
Is 78894909029 a composite number?
False
Is 3965226731 a prime number?
True
Is 875642167 a prime number?
True
Is 697933799 a prime number?
True
Is 499519453 composite?
False
Is 72133277 a prime number?
True
Is 25354739693 composite?
True
Is 1121544863 composite?
True
Is 25813099 a composite number?
True
Is 1401448033 prime?
True
Is 23010866381 prime?
True
Is 41278095263 a composite number?
False
Is 11137908829 a composite number?
True
Is 67600597 prime?
True
Is 11498111939 composite?
True
Is 657328283 prime?
True
Is 3296828813 composite?
False
Is 245260007347 a prime number?
False
Is 105910543 a prime number?
True
Is 64818223661 a prime number?
True
Is 9444736219 composite?
False
Is 16296156859 a prime number?
True
Is 106776266231 a composite number?
False
Is 1154802787 composite?
True
Is 118120861 prime?
True
Is 3145558333 a composite number?
False
Is 5261693 a prime number?
True
Is 942413207 composite?
True
Is 3449293537 composite?
False
Is 17674226293 a prime number?
True
Is 2725602823 composite?
True
Is 41102110321 composite?
True
Is 4853963533 a prime number?
True
Is 106928207939 prime?
False
Is 5570117269 a composite number?
True
Is 433626722 a composite number?
True
Is 378949553 a prime number?
False
Is 6032762279 prime?
True
Is 5769134491 composite?
False
Is 6742040399 a composite number?
False
Is 2586838547 a composite number?
False
Is 2499027593 composite?
False
Is 11299630241 composite?
False
Is 195831409 a prime number?
True
Is 6877094959 prime?
False
Is 8778422189 a prime number?
True
Is 42335167309 a prime number?
True
Is 462078971 a prime number?
True
Is 994980689 prime?
True
Is 1470507866 prime?
False
Is 55783093 a composite number?
False
Is 15955190259 composite?
True
Is 4311627059 prime?
True
Is 643766359 a composite number?
True
Is 94257053 composite?
True
Is 184535542 a prime number?
False
Is 1537583429 composite?
True
Is 22572045823 a prime number?
False
Is 131005529 a composite number?
False
Is 151981969 prime?
False
Is 22955759273 a composite number?
True
Is 99103054 composite?
True
Is 19299241847 a prime number?
False
Is 780756133 a prime number?
False
Is 26507692859 a composite number?
False
Is 108224923 composite?
False
Is 1504591961 composite?
False
Is 1277915861 a prime number?
False
Is 24673937317 composite?
True
Is 32036000543 prime?
False
Is 1025006323 a composite number?
True
Is 54218375101 prime?
False
Is 49718992937 composite?
False
Is 13985867087 composite?
False
Is 10411305301 a prime number?
False
Is 164833021267 prime?
True
Is 2481346093 a prime number?
False
Is 421507067 a composite number?
True
Is 156023597447 a composite number?
True
Is 1742746377 a prime number?
False
Is 14983691189 a prime number?
True
Is 363361613 composite?
True
Is 9308619791 a prime number?
False
Is 1925798683 prime?
True
Is 4905690611 a composite number?
False
Is 9809963489 composite?
True
Is 10876484197 prime?
False
Is 1702642999 composite?
False
Is 2414398477 a composite number?
True
Is 56328067 a composite number?
True
Is 15822898613 a composite number?
False
Is 11734892693 a composite number?
False
Is 8052560623 a prime number?
False
Is 12755250881 a prime number?
True
Is 6180346069 prime?
True
Is 22201928479 a composite number?
True
Is 13585885843 composite?
True
Is 880366547 a prime number?
False
Is 2352659429 a prime number?
True
Is 54988639 a prime number?
True
Is 56947390051 a composite number?
False
Is 20853687473 a prime number?
True
Is 3464227567 a prime number?
False
Is 4251871457 a composite number?
False
Is 419575951 prime?
True
Is 90072725813 composite?
True
Is 6771115409 composite?
False
Is 4432987487 prime?
True
Is 551811049 a composite number?
False
Is 11814522737 a prime number?
True
Is 3972358561 composite?
False
Is 7152158623 a composite number?
False
Is 61529475979 composite?
False
Is 9049254959 a composite number?
True
Is 7475418133 a composite number?
True
Is 64529706391 a composite number?
False
Is 4515449483 prime?
True
Is 52450760689 prime?
False
Is 2509733249 composite?
False
Is 124430237 composite?
False
Is 39975571 a prime number?
False
Is 3419638539 prime?
False
Is 23622333353 prime?
False
Is 1847765113 prime?
False
Is 451863047 prime?
True
Is 23462953277 a prime number?
True
Is 2050076813 a prime number?
True
Is 16092392773 prime?
False
Is 22329970154 a composite number?
True
Is 357390409 composite?
False
Is 6686752937 a prime number?
True
Is 40029911 prime?
False
Is 15520108991 prime?
True
Is 203384298385 a composite number?
True
Is 2972959 prime?
False
Is 14638039121 a composite number?
False
Is 259453913 a composite number?
True
Is 863335679 prime?
True
Is 1253765867 a prime number?
True
Is 1103958061 a prime number?
True
Is 411370147 composite?
True
Is 1641053203 a prime number?
False
Is 9600945293 prime?
True
Is 10293499761 composite?
True
Is 36987198271 a composite number?
False
Is 256328291 prime?
False
Is 6366009809 prime?
True
Is 1606363933 a prime number?
False
Is 7010155423 a composite number?
False
Is 2142697643 prime?
True
Is 9006276607 a composite number?
True
Is 321094759313 prime?
True
Is 578659931 a prime number?
True
Is 1194244669 composite?
False
Is 1189956269 a composite number?
False
Is 14075127329 a prime number?
True
Is 41002871447 prime?
False
Is 2245908667 prime?
False
Is 478497307 a prime number?
False
Is 34506196733 composite?
False
Is 68891783449 a prime number?
True
Is 276844979 composite?
False
Is 152676413 composite?
False
Is 24140509819 composite?
False
Is 40911302081 composite?
T